, 12473
Let a = 48775 - 20155. List the prime factors of a.
2, 3, 5, 53
Suppose 3*c - 5*y - 77252 = -6*y, 3*c = -4*y + 77240. List the prime factors of c.
2, 3, 29, 37
Suppose 0 = -26*y - 7358 + 10530. What are the prime factors of y?
2, 61
Suppose 3*t = 3*d - 15, 3*d + 3 = 3*t - 6*t. What are the prime factors of 48/(-18)*(-213)/d?
2, 71
Let g(l) = -2*l**2 + 15*l - 13. Let t = 32 + -104. Let a = t + 78. List the prime factors of g(a).
5
Let x(b) = b**2 - 10*b - 12. Let q be x(12). Suppose -5*d - 2 = 2*n, 0*n - 4*d - q = -n. Suppose 0 = v + n, 3*v + 313 = 5*w + v. List the prime factors of w.
61
Let v = 24 + -13. Suppose -6*o - 50 = -v*o. Suppose o = 3*i - i. What are the prime factors of i?
5
Let q(y) = 2*y - 19. Let p be q(5). Let l = 15 + p. List the prime factors of 2/3 + 56/l.
2, 5
Let t = 52810 - 28422. List the prime factors of t.
2, 7, 13, 67
Let o = -9432 + 18337. What are the prime factors of o?
5, 13, 137
Let a = -14 + 21. Suppose -31*x + 35*x - 128 = 0. Suppose a*n = 45 + x. List the prime factors of n.
11
Suppose 11*t + 48943 - 189897 = 0. Suppose 0 = -13*n + t + 2019. List the prime factors of n.
7, 163
Let v(h) = -20*h**3 - 6*h**2 - 17*h - 28. Suppose 13*u + 4*u = -68. What are the prime factors of v(u)?
2, 3, 17
Let p(g) = g**3 - 7*g**2 - 6*g - 17. Let h be p(8). What are the prime factors of (-934)/(-4)*(h + 2 + 1)?
467
Let i be (-9624)/(-64) - 9/24. Suppose -971 = -x - i. What are the prime factors of x?
821
Suppose 5*z + 9*z - 16548 = 0. Let o = z - 465. What are the prime factors of o?
3, 239
Suppose -3*q + 450 = -15. Suppose -q = -n + 13. What are the prime factors of (-63)/n - 1371/(-8)?
3, 19
Let x be 3/(-66)*-4 + 48/(-264). Suppose -m - 4*z - 332 = -1083, x = m + 2*z - 755. What are the prime factors of m?
3, 11, 23
Let d(c) = 2*c + 19. Let j be d(-7). Suppose -6*t = -j*t. Suppose -2*f + t*m + 70 = -2*m, -f + 15 = 4*m. List the prime factors of f.
31
Let f = -13303 - -22459. List the prime factors of f.
2, 3, 7, 109
Let d be 1419/1 + -8 + 3. Suppose -138 = -f + d. List the prime factors of f.
2, 97
What are the prime factors of -16 + 18974 + ((-9)/2 - (-1)/2)?
2, 3, 13
Let n = -56 + 54. Let p be 22850/(-125) - n/(-10). What are the prime factors of (4 + (3 - 8))/(1/p)?
3, 61
Suppose 73*r = 68*r + 185. Suppose -h - 18 = 2*m, 1 - r = 4*m - 5*h. Let v = 155 + m. What are the prime factors of v?
2, 73
Let d be (76/6)/((10/3)/5). Suppose -20 = l - d. Let b(j) = 39*j**2 - 2*j - 3. List the prime factors of b(l).
2, 19
Let o be 6/(26 - 2) + (-1446)/(-8). Suppose p + 3*j = 680, -5*p + j = -o - 3203. What are the prime factors of p?
677
Suppose 0 = -3*f - 14*t + 12*t + 72066, -f = t - 24020. What are the prime factors of f?
2, 41, 293
Suppose 4*t = 3*t. Let m(s) = -6 + t*s**3 - 2*s**2 - 7*s**2 + 3*s - s**3. List the prime factors of m(-10).
2
Suppose 311*w = 310*w + 523. Let k = w - 190. List the prime factors of k.
3, 37
Suppose 0 = d - 8*d + 35. Suppose 4*c - d*c = -2. Suppose c*v = 2*w + 196, -4*v + w + 397 = -2*w. What are the prime factors of v?
103
Let x = 94 - 75. Suppose -x*c + 27*c = 1184. What are the prime factors of c?
2, 37
Let r = 11883 - 6993. List the prime factors of r.
2, 3, 5, 163
Let z(o) = -o**3 - 7*o**2 - o + 372. What are the prime factors of z(-17)?
3, 1093
Suppose -255 + 2141 = 23*i. Let l = i + 586. What are the prime factors of l?
2, 167
Let j(w) be the first derivative of 5*w**3 + 3*w**2 + 9*w + 24. Suppose 24 = 135*o - 141*o. List the prime factors of j(o).
3, 5
Suppose 0 = 7*i - 15*i + 15528. Suppose -4*m + 395 = -i. List the prime factors of m.
2, 73
Let v = -27 - -44. Let o = -8 - v. Let b = o + 67. What are the prime factors of b?
2, 3, 7
Suppose 0 = 5*h + 4*q + 50, 2*h + q - 1 = -18. What are the prime factors of 1414/3 - (3 - (-22)/h)?
2, 59
Suppose v - 5*z = 175, v - 16 = z + 151. Suppose -5*c + 225 + v = -r, c - 94 = -3*r. What are the prime factors of c?
79
Suppose 0 = -3*y + 2 - 11, 5*c = 5*y + 21115. List the prime factors of c.
2, 5, 211
Suppose -4*g - 8 = 68. Let f = 68 - g. Suppose -14*d = -17*d + f. List the prime factors of d.
29
Let q(l) = l**3 - 29*l**2 + 25*l + 89. Let m be q(28). Suppose 0 = m*k + 4*w - 2309, -6*k - 2*w + 1846 = -2*k. List the prime factors of k.
461
Let s(b) = 2*b**2 - 56*b - 199. List the prime factors of s(84).
9209
What are the prime factors of (8/10)/(100/962750)?
2, 3851
Let k(i) be the third derivative of -2*i**4 - 31*i**3/6 - 13*i**2. Let c be k(-5). Let d = c + -120. What are the prime factors of d?
89
Let d = 9673 - 1051. What are the prime factors of d?
2, 3, 479
Let u = -5286 - -48704. List the prime factors of u.
2, 17, 1277
Let z(c) = -c**3 + 19*c**2 - 4*c + 74. Let a be z(19). What are the prime factors of (a/(-6))/(334/333 - 1)?
3, 37
Suppose 5*m - 6 = -4*r + 28, 4*r = -m - 6. Suppose -2051 + 5661 = m*k. List the prime factors of k.
19
Let a(c) = 1106*c + 3521. What are the prime factors of a(13)?
7, 2557
Let j(k) = 3*k**2 + 54*k + 2777. What are the prime factors of j(-78)?
67, 251
What are the prime factors of 191815/30 - (-3)/((-54)/15)?
3, 2131
Let c = -8672 + 20914. List the prime factors of c.
2, 6121
Suppose 3*y = -7*k + 11*k - 23549, 0 = -2*k - 5*y + 11781. List the prime factors of k.
2, 23
Suppose -46*r + 254422 = -12*r - 0*r. What are the prime factors of r?
7, 1069
Let u(a) = a**2 + 6*a - 15. Let g be u(2). Let d be (-2 - -5)/(g/7). Let p = 77 - d. List the prime factors of p.
2, 7
Suppose 39*o - 3 = 38*o. List the prime factors of 1 + 0 - (-42 - (o - 10)).
2, 3
Suppose 1400176 = 89*k + 74076. List the prime factors of k.
2, 5, 149
Let u be 0 + (-12)/(0 + 4). Let a be (50/30)/((-1)/u). Suppose 5*l - 560 = a*p, -l - 3*p = -87 - 41. What are the prime factors of l?
2, 29
Suppose 12 = -8*v + 5*v. Let p be v - ((-2 - 5) + -2). What are the prime factors of 1032/15*p/2?
2, 43
Let b be 11239 - (8/3 + (-16)/(-12)). Suppose -14610 = -15*g + b. List the prime factors of g.
1723
Suppose -8*c + 37 = 13. Suppose c*f = -0*f + 2*v + 12, -3*v = 2*f - 8. List the prime factors of (-69)/f*(-32)/12.
2, 23
Let f(d) = -21*d - 2. Let q(r) = r + 1. Let w(i) = 3*f(i) - 21*q(i). Let v be w(-5). Suppose v = 6*k - 561. What are the prime factors of k?
3, 53
Suppose 0*i + 7*i = 21. Suppose -h + 508 = i*h. Let c = -89 + h. List the prime factors of c.
2, 19
Suppose 14*b + 7*b = -397226 + 1297013. List the prime factors of b.
7, 6121
Suppose 3616 + 20624 = -564*l + 569*l. What are the prime factors of l?
2, 3, 101
Let y(a) = -5*a - 19*a**2 + 21*a**2 + 6 + 12*a. Let s be y(-3). Suppose d - s*m = -m + 105, -102 = -d - m. List the prime factors of d.
103
Let s(o) = 16*o**3 + 3*o**2 + 21*o + 85. What are the prime factors of s(11)?
3, 5, 293
Let l(b) = -12*b**3 - 93*b**2 - 16*b - 202. List the prime factors of l(-16).
2, 3, 17, 83
Let b = -12592 + 24242. List the prime factors of b.
2, 5, 233
Suppose 3*h - 78639 = 3*g, -33*g + 28*g = -2*h + 52426. What are the prime factors of h?
11, 2383
Let j = 740 + 356. Let o = j - 982. List the prime factors of o.
2, 3, 19
What are the prime factors of 3272 - ((-19)/(-2) - 228/152)?
2, 3, 17
Let t(q) = -359*q - 5051. List the prime factors of t(-20).
2129
What are the prime factors of 2*(-5)/20 + 149695/14?
2, 3, 11
Let l(r) = -730*r + 79. Let b be l(-6). Suppose b = 24*y - 32453. List the prime factors of y.
2, 769
Suppose -o + 3*h = -17440, -6*h + 4*h - 17436 = -o. List the prime factors of o.
2, 4357
Let k = 111 + -109. Let i be (-10)/65 + (-35952)/39 + k. What are the prime factors of (-3)/(12/i) - -1?
3, 7, 11
Suppose -13*a - 51 = 261. Let d be 3/(a/7 + 3). List the prime factors of 1 - (4/14 + 1717/d).
2, 3, 41
Let r(c) = 9*c**2 + 5*c - 5. Let l be r(-4). Let m = 250 - l. List the prime factors of m.
131
Let m(u) = -u + 5. Let w be m(2). Let q(j) = -3*j + 55. Let d be q(17). Suppose w*f + 5*l = 464, -d*f - 5*l + 0*l = -622. What are the prime factors of f?
2, 79
Suppose n = s - 3*n - 26, -n = 2*s - 16. Suppose -2*k = 6 - s. Suppose 0 = y + 2*y - k*z - 298, 4*z + 20 = 0. List the prime factors of y.
2, 3
Let i be -1*(1 + -1) - 3902/(-1). Let a be 21/5 - (-12)/15. List the prime factors of (20/18)/a + i/18.
7, 31
Let j(i) = 28*i - 50. Let r be j(2). Suppose 0 = -r*f - 1506 + 5106. What are the prime factors of f?
2, 3, 5
